{"id":71,"date":"2026-01-09T11:08:09","date_gmt":"2026-01-09T11:08:09","guid":{"rendered":"https:\/\/makler-macher-verwalter.de\/?page_id=71"},"modified":"2026-03-27T21:25:49","modified_gmt":"2026-03-27T21:25:49","slug":"startseite","status":"publish","type":"page","link":"https:\/\/makler-macher-verwalter.de\/","title":{"rendered":"Startseite"},"content":{"rendered":"\n<div class=\"wp-block-cover alignfull\" style=\"min-height:833px;aspect-ratio:unset;\"><img loading=\"lazy\" decoding=\"async\" width=\"1024\" height=\"579\" class=\"wp-block-cover__image-background wp-image-99 size-large\" alt=\"\" src=\"https:\/\/makler-macher-verwalter.de\/wp-content\/uploads\/2026\/01\/Hintergrund-1024x579.png\" data-object-fit=\"cover\" srcset=\"https:\/\/makler-macher-verwalter.de\/wp-content\/uploads\/2026\/01\/Hintergrund-1024x579.png 1024w, https:\/\/makler-macher-verwalter.de\/wp-content\/uploads\/2026\/01\/Hintergrund-300x170.png 300w, https:\/\/makler-macher-verwalter.de\/wp-content\/uploads\/2026\/01\/Hintergrund-768x434.png 768w, https:\/\/makler-macher-verwalter.de\/wp-content\/uploads\/2026\/01\/Hintergrund-1536x868.png 1536w, https:\/\/makler-macher-verwalter.de\/wp-content\/uploads\/2026\/01\/Hintergrund-2048x1157.png 2048w\" sizes=\"auto, (max-width: 1024px) 100vw, 1024px\" \/><span aria-hidden=\"true\" class=\"wp-block-cover__background has-background-dim-100 has-background-dim wp-block-cover__gradient-background has-background-gradient\" style=\"background:linear-gradient(180deg,rgb(0,20,60) 0%,rgba(255,255,255,0) 86%,rgb(255,255,255) 86%)\"><\/span><div class=\"wp-block-cover__inner-container is-layout-constrained wp-block-cover-is-layout-constrained\">\n<div style=\"height:106px\" aria-hidden=\"true\" class=\"wp-block-spacer\"><\/div>\n\n\n\n<h1 class=\"wp-block-heading alignwide has-text-align-center company-name has-text-color has-link-color wp-elements-1a04b9c294c68a52256e93c6e4d78d31\" style=\"color:#453d3d00;font-size:1px\"><strong>Makler<br>Macher<br>Verwalter<\/strong><\/h1>\n\n\n\n<figure class=\"wp-block-image aligncenter size-full is-resized\"><img loading=\"lazy\" decoding=\"async\" width=\"2560\" height=\"828\" src=\"https:\/\/makler-macher-verwalter.de\/wp-content\/uploads\/2026\/02\/mmvlogo-scaled.png\" alt=\"Startseite \nMakler Macher Verwalter\nHausverwaltung\" class=\"wp-image-425\" style=\"aspect-ratio:3.0917563089747953;width:503px;height:auto\" srcset=\"https:\/\/makler-macher-verwalter.de\/wp-content\/uploads\/2026\/02\/mmvlogo-scaled.png 2560w, https:\/\/makler-macher-verwalter.de\/wp-content\/uploads\/2026\/02\/mmvlogo-300x97.png 300w, https:\/\/makler-macher-verwalter.de\/wp-content\/uploads\/2026\/02\/mmvlogo-1024x331.png 1024w, https:\/\/makler-macher-verwalter.de\/wp-content\/uploads\/2026\/02\/mmvlogo-768x248.png 768w, https:\/\/makler-macher-verwalter.de\/wp-content\/uploads\/2026\/02\/mmvlogo-1536x497.png 1536w, https:\/\/makler-macher-verwalter.de\/wp-content\/uploads\/2026\/02\/mmvlogo-2048x662.png 2048w\" sizes=\"auto, (max-width: 2560px) 100vw, 2560px\" \/><\/figure>\n\n\n\n<div style=\"height:100px\" aria-hidden=\"true\" class=\"wp-block-spacer\"><\/div>\n\n\n\n<div class=\"wp-block-group is-layout-constrained wp-block-group-is-layout-constrained\">\n<p class=\"has-text-align-center has-ast-global-color-5-color has-text-color has-link-color wp-elements-bf3ed5f202a1b6d3769cbe580ed8825e\" id=\"kontaktfeld\">Immobilien sind mehr als nur Geb\u00e4ude \u2013 sie sind Werte, Verantwortung und Vertrauen.<br>Unsere Mission ist es, genau das zu bewahren, zu entwickeln und zu st\u00e4rken.<br>Als erfahrene Immobilienverwalter*innen setzen wir auf<br><strong>Transparenz, Effizienz und Menschlichkeit.<\/strong><br>Wir denken nicht nur in Zahlen und Paragraphen, sondern in<br>L\u00f6sungen, Zufriedenheit und Substanz \u2013 f\u00fcr Eigent\u00fcmer, Investoren und Mieter.<br><strong>Unser Anspruch:<\/strong><br>Verwaltung, die sp\u00fcrbar entlastet, messbar funktioniert und langfristig wirkt.<\/p>\n<\/div>\n\n\n\n<div style=\"height:100px\" aria-hidden=\"true\" class=\"wp-block-spacer\"><\/div>\n\n\n\n<div class=\"wp-block-group has-ast-global-color-2-color has-ast-global-color-5-background-color has-text-color has-background has-link-color wp-elements-2b84cd55ba9b354bfe83d284fb6c3b0c is-layout-constrained wp-block-group-is-layout-constrained\" style=\"border-style:none;border-width:0px;border-top-left-radius:23px;border-top-right-radius:23px;border-bottom-left-radius:23px;border-bottom-right-radius:23px\">\n<div style=\"height:100px\" aria-hidden=\"true\" class=\"wp-block-spacer\"><\/div>\n\n\n\n<div class=\"wp-block-columns is-layout-flex wp-container-core-columns-is-layout-28f84493 wp-block-columns-is-layout-flex\">\n<div class=\"wp-block-column is-layout-flow wp-block-column-is-layout-flow\" style=\"padding-top:0;padding-right:var(--wp--preset--spacing--80);padding-bottom:0;padding-left:var(--wp--preset--spacing--80);flex-basis:66.66%\">\n<p class=\"has-text-align-center has-ast-global-color-2-color has-text-color has-link-color has-large-font-size wp-elements-1fd8ee612cbe56115079719a61d56006\"><strong>Nehmen Sie Kontakt mit uns auf<\/strong><\/p>\n\n\n\n<p class=\"has-text-align-center has-medium-font-size\">Ob erste Kontaktaufnahme, Individuelles Angebot oder Bestandskunde, unser Team steht ihnen Montag bis Freitag zur Verf\u00fcgung<\/p>\n\n\n\n<p class=\"has-text-align-center has-small-font-size\">Montag &#8211; Donnerstag 9:00-12:30 und 13:30-16:00<br>Freitag 9:00-12:30<\/p>\n<\/div>\n\n\n\n<div class=\"wp-block-column is-layout-flow wp-block-column-is-layout-flow\" style=\"padding-right:var(--wp--preset--spacing--60);padding-left:var(--wp--preset--spacing--60);flex-basis:33.33%\">\n<div style=\"height:72px\" aria-hidden=\"true\" class=\"wp-block-spacer\"><\/div>\n\n\n\n<p class=\"has-text-align-center has-ast-global-color-2-color has-text-color has-link-color wp-elements-9255349b83386be825da491f4ca59ce1\">Buchen Sie hier einen Termin mit einem unserer Mitarbeiter. <\/p>\n\n\n\n<div class=\"wp-block-buttons is-content-justification-center is-layout-flex wp-container-core-buttons-is-layout-a89b3969 wp-block-buttons-is-layout-flex\">\n<div class=\"wp-block-button has-custom-width wp-block-button__width-75 hupf-button\"><a class=\"wp-block-button__link has-medium-font-size has-custom-font-size wp-element-button\" href=\"https:\/\/outlook.office.com\/book\/Kontaktaufnahme@addlan.de\/\" target=\"_blank\" rel=\"noopener\">Meeting Buchen<\/a><\/div>\n<\/div>\n<\/div>\n<\/div>\n\n\n\n<div style=\"height:100px\" aria-hidden=\"true\" class=\"wp-block-spacer\"><\/div>\n<\/div>\n<\/div><\/div>\n\n\n\n<div class=\"wp-block-group is-vertical is-content-justification-stretch is-layout-flex wp-container-core-group-is-layout-353c4f5a wp-block-group-is-layout-flex\">\n<h2 class=\"wp-block-heading has-large-font-size\">Unsere Leistungen<\/h2>\n\n\n\n<p>Welche Services bietet Makler. Macher. Verwalter. <\/p>\n\n\n\n<div class=\"wp-block-media-text is-stacked-on-mobile\" style=\"grid-template-columns:20% auto\"><figure class=\"wp-block-media-text__media\"><img loading=\"lazy\" decoding=\"async\" width=\"903\" height=\"903\" src=\"https:\/\/makler-macher-verwalter.de\/wp-content\/uploads\/2026\/02\/picture101.png\" alt=\"Wohnungseigentumsverwaltung\nWEG\nHausverwaltung\" class=\"wp-image-458 size-full\" srcset=\"https:\/\/makler-macher-verwalter.de\/wp-content\/uploads\/2026\/02\/picture101.png 903w, https:\/\/makler-macher-verwalter.de\/wp-content\/uploads\/2026\/02\/picture101-300x300.png 300w, https:\/\/makler-macher-verwalter.de\/wp-content\/uploads\/2026\/02\/picture101-150x150.png 150w, https:\/\/makler-macher-verwalter.de\/wp-content\/uploads\/2026\/02\/picture101-768x768.png 768w\" sizes=\"auto, (max-width: 903px) 100vw, 903px\" \/><\/figure><div class=\"wp-block-media-text__content\">\n<h3 class=\"wp-block-heading has-text-align-center has-medium-font-size\"><strong>Wohneigentumsverwaltung (GdWE)<\/strong><\/h3>\n\n\n\n<p class=\"has-text-align-center has-medium-font-size\">Wir \u00fcbernehmen die umfassende Verwaltung von Wohnungseigent\u00fcmergemeinschaften und k\u00fcmmern uns um alle kaufm\u00e4nnischen, technischen und organisatorischen Aufgaben. Dazu geh\u00f6ren die Abrechnung, die Organisation von Eigent\u00fcmerversammlungen, die Instandhaltung des Gemeinschaftseigentums sowie die Umsetzung von Beschl\u00fcssen. Unser Ziel ist eine transparente, zuverl\u00e4ssige und werterhaltende Verwaltung Ihrer Immobilie.<\/p>\n<\/div><\/div>\n\n\n\n<div class=\"wp-block-media-text has-media-on-the-right is-stacked-on-mobile\" style=\"grid-template-columns:auto 20%\"><div class=\"wp-block-media-text__content\">\n<h3 class=\"wp-block-heading has-text-align-center has-medium-font-size\"><strong><strong>Sondereigentum- und Spezialverwaltung<\/strong><\/strong><\/h3>\n\n\n\n<p class=\"has-text-align-center has-medium-font-size\">In der Sondereigentums- und Einzelobjektverwaltung betreuen wir Ihre vermietete Immobilie professionell und pers\u00f6nlich. Wir \u00fcbernehmen die laufende Mietverwaltung, k\u00fcmmern uns um Abrechnungen, Instandhaltungsma\u00dfnahmen und sind Ansprechpartner f\u00fcr Mieter und Eigent\u00fcmer. So entlasten wir Sie und sorgen f\u00fcr einen reibungslosen Ablauf.<\/p>\n<\/div><figure class=\"wp-block-media-text__media\"><img loading=\"lazy\" decoding=\"async\" width=\"903\" height=\"903\" src=\"https:\/\/makler-macher-verwalter.de\/wp-content\/uploads\/2026\/02\/picture111.png\" alt=\"Sondereigentum- und Spezialverwaltung\nHausverwaltung\" class=\"wp-image-462 size-full\" srcset=\"https:\/\/makler-macher-verwalter.de\/wp-content\/uploads\/2026\/02\/picture111.png 903w, https:\/\/makler-macher-verwalter.de\/wp-content\/uploads\/2026\/02\/picture111-300x300.png 300w, https:\/\/makler-macher-verwalter.de\/wp-content\/uploads\/2026\/02\/picture111-150x150.png 150w, https:\/\/makler-macher-verwalter.de\/wp-content\/uploads\/2026\/02\/picture111-768x768.png 768w\" sizes=\"auto, (max-width: 903px) 100vw, 903px\" \/><\/figure><\/div>\n\n\n\n<div class=\"wp-block-media-text is-stacked-on-mobile\" style=\"grid-template-columns:20% auto\"><figure class=\"wp-block-media-text__media\"><img loading=\"lazy\" decoding=\"async\" width=\"903\" height=\"903\" src=\"https:\/\/makler-macher-verwalter.de\/wp-content\/uploads\/2026\/02\/picture112.png\" alt=\"Bruchteilgemeinschaftsverwaltung (BTG)\nHausverwaltung\" class=\"wp-image-463 size-full\" srcset=\"https:\/\/makler-macher-verwalter.de\/wp-content\/uploads\/2026\/02\/picture112.png 903w, https:\/\/makler-macher-verwalter.de\/wp-content\/uploads\/2026\/02\/picture112-300x300.png 300w, https:\/\/makler-macher-verwalter.de\/wp-content\/uploads\/2026\/02\/picture112-150x150.png 150w, https:\/\/makler-macher-verwalter.de\/wp-content\/uploads\/2026\/02\/picture112-768x768.png 768w\" sizes=\"auto, (max-width: 903px) 100vw, 903px\" \/><\/figure><div class=\"wp-block-media-text__content\">\n<h3 class=\"wp-block-heading has-text-align-center has-medium-font-size\"><strong><strong>Bruchteilgemeinschaftverwaltung (BTG)<\/strong><\/strong><\/h3>\n\n\n\n<p class=\"has-text-align-center has-medium-font-size\">Wir \u00fcbernehmen die Verwaltung gemeinschaftlicher Teilfl\u00e4chen von Bruchteilsgemeinschaften gem\u00e4\u00df den Vorgaben des BGB. Dazu geh\u00f6ren Organisation, Instandhaltung und transparente Kostenabrechnung der gemeinsam genutzten Bereiche, etwa Zufahrten, Wege oder Gr\u00fcnfl\u00e4chen. Die Verantwortung f\u00fcr das jeweilige Haus und Grundst\u00fcck verbleibt selbstverst\u00e4ndlich beim einzelnen Eigent\u00fcmer.<\/p>\n<\/div><\/div>\n\n\n\n<div class=\"wp-block-media-text has-media-on-the-right is-stacked-on-mobile has-medium-font-size\" style=\"grid-template-columns:auto 20%\"><div class=\"wp-block-media-text__content\">\n<h3 class=\"wp-block-heading has-text-align-center has-medium-font-size\"><strong><strong>Kapitalanlageimmobilien<\/strong><\/strong><\/h3>\n\n\n\n<p class=\"has-text-align-center\">Wir unterst\u00fctzen Sie bei der Auswahl, Bewertung und Betreuung von Immobilien als Kapitalanlage. Von der Marktanalyse \u00fcber die Wirtschaftlichkeitspr\u00fcfung bis hin zur langfristigen Verwaltung stehen wir Ihnen als kompetenter Partner zur Seite und helfen Ihnen, nachhaltige und renditestarke Entscheidungen zu treffen.<\/p>\n<\/div><figure class=\"wp-block-media-text__media\"><img loading=\"lazy\" decoding=\"async\" width=\"903\" height=\"903\" src=\"https:\/\/makler-macher-verwalter.de\/wp-content\/uploads\/2026\/02\/picture113.png\" alt=\"Kapitalanlageimmobilien\nHausverwaltung\" class=\"wp-image-464 size-full\" srcset=\"https:\/\/makler-macher-verwalter.de\/wp-content\/uploads\/2026\/02\/picture113.png 903w, https:\/\/makler-macher-verwalter.de\/wp-content\/uploads\/2026\/02\/picture113-300x300.png 300w, https:\/\/makler-macher-verwalter.de\/wp-content\/uploads\/2026\/02\/picture113-150x150.png 150w, https:\/\/makler-macher-verwalter.de\/wp-content\/uploads\/2026\/02\/picture113-768x768.png 768w\" sizes=\"auto, (max-width: 903px) 100vw, 903px\" \/><\/figure><\/div>\n\n\n\n<div class=\"wp-block-media-text is-stacked-on-mobile\" style=\"grid-template-columns:20% auto\"><figure class=\"wp-block-media-text__media\"><img loading=\"lazy\" decoding=\"async\" width=\"903\" height=\"903\" src=\"https:\/\/makler-macher-verwalter.de\/wp-content\/uploads\/2026\/02\/picture115.png\" alt=\"Immobilien Makler \nHausverwaltung\" class=\"wp-image-461 size-full\" srcset=\"https:\/\/makler-macher-verwalter.de\/wp-content\/uploads\/2026\/02\/picture115.png 903w, https:\/\/makler-macher-verwalter.de\/wp-content\/uploads\/2026\/02\/picture115-300x300.png 300w, https:\/\/makler-macher-verwalter.de\/wp-content\/uploads\/2026\/02\/picture115-150x150.png 150w, https:\/\/makler-macher-verwalter.de\/wp-content\/uploads\/2026\/02\/picture115-768x768.png 768w\" sizes=\"auto, (max-width: 903px) 100vw, 903px\" \/><\/figure><div class=\"wp-block-media-text__content\">\n<h3 class=\"wp-block-heading has-text-align-center has-medium-font-size\"><strong><strong>Immobilienmakler<\/strong><\/strong><\/h3>\n\n\n\n<p class=\"has-text-align-center has-medium-font-size\">Als Immobilienmakler mit regionaler Marktkenntnis begleiten wir Sie beim Kauf, Verkauf und der Vermietung von Immobilien im Raum B\u00f6blingen und Sindelfingen. Wir bieten eine realistische Wertermittlung, professionelle Vermarktung und pers\u00f6nliche Beratung, um f\u00fcr Sie das bestm\u00f6gliche Ergebnis zu erzielen.<\/p>\n<\/div><\/div>\n<\/div>\n\n\n\n<div style=\"background-image:url(&apos;https:\/\/makler-macher-verwalter.de\/wp-content\/uploads\/2026\/01\/Hintergrund-scaled.png&apos;);background-size:cover;\" class=\"wp-block-group alignfull is-layout-constrained wp-block-group-is-layout-constrained has-background\">\n<div class=\"wp-block-group is-nowrap is-layout-flex wp-container-core-group-is-layout-6c531013 wp-block-group-is-layout-flex\">\n<p class=\"has-ast-global-color-5-color has-text-color has-link-color wp-elements-fc87707138873308563b2d93d7a9f3f1\">Bereit Hausverwaltung neu zu erleben?<br>Nehmen Sie jetzt Kontakt auf. Wir k\u00fcmmern uns um ihr Anliegen.<\/p>\n\n\n\n<div style=\"height:100px;width:0px\" aria-hidden=\"true\" class=\"wp-block-spacer wp-container-content-6388d5dc\"><\/div>\n\n\n\n<div class=\"wp-block-buttons is-layout-flex wp-block-buttons-is-layout-flex\">\n<div class=\"wp-block-button hupf-button\"><a class=\"wp-block-button__link wp-element-button\" href=\"#kontaktfeld\">Kontakt aufnehmen<\/a><\/div>\n<\/div>\n<\/div>\n<\/div>\n\n\n\n<div class=\"wp-block-group is-layout-constrained wp-block-group-is-layout-constrained\">\n<h2 class=\"wp-block-heading has-text-align-center\">Unser Versprechen<\/h2>\n\n\n\n<hr class=\"wp-block-separator has-alpha-channel-opacity\"\/>\n\n\n\n<h3 class=\"wp-block-heading has-text-align-center\">Angebot innerhalb von 24 Stunden<\/h3>\n\n\n\n<p class=\"has-text-align-center\">Nach einem pers\u00f6nlichen Kennenlernen vor Ort am Objekt und Vorlage der letzten Abrechnung, der Teilungserkl\u00e4rung sowie des aktuellen Wirtschaftsplans erhalten Sie ein transparentes und faires Angebot innerhalb eines Tages.<br>&#8211; nach Sichtung der vollst\u00e4ndigen Unterlagen<\/p>\n\n\n\n<h3 class=\"wp-block-heading has-text-align-center\">R\u00fcckruf innerhalb eines Werktages<\/h3>\n\n\n\n<p class=\"has-text-align-center\">Ihre Anfrage bleibt nicht liegen.<br>Wir melden uns verl\u00e4sslich innerhalb von 24 Stunden zur\u00fcck.<\/p>\n\n\n\n<h3 class=\"wp-block-heading has-text-align-center\">Pers\u00f6nliche Ansprechpartner statt Hotline<\/h3>\n\n\n\n<p class=\"has-text-align-center\">Bei uns sprechen Sie mit Menschen, die Ihr Objekt kennen \u2013<br>mit Namen, Stimme und Fachwissen.<\/p>\n\n\n\n<h3 class=\"wp-block-heading has-text-align-center\">Moderne digitale Verwaltung<\/h3>\n\n\n\n<p class=\"has-text-align-center\">Dokumente, Beschl\u00fcsse, Abrechnungen und Kommunikation \u2013<br>transparent, strukturiert und jederzeit nachvollziehbar.<\/p>\n\n\n\n<h3 class=\"wp-block-heading has-text-align-center\">Starkes Netzwerk f\u00fcr schnelle L\u00f6sungen<\/h3>\n\n\n\n<p class=\"has-text-align-center\">Handwerker, Dienstleister und Spezialisten aus der Region sorgen daf\u00fcr, dass Probleme nicht lange liegen bleiben.<\/p>\n\n\n\n<h3 class=\"wp-block-heading has-text-align-center\">Fokus auf Werterhalt Ihrer Immobilie<\/h3>\n\n\n\n<p class=\"has-text-align-center\">Eine gute Verwaltung ist mehr als Organisation.<br>Wir k\u00fcmmern uns darum, dass Ihre Immobilie langfristig stabil und wertvoll bleibt.<\/p>\n<\/div>\n\n\n\n<p><\/p>\n\n\n\n<div style=\"background-image:url(&apos;https:\/\/makler-macher-verwalter.de\/wp-content\/uploads\/2026\/01\/Hintergrund-scaled.png&apos;);background-size:cover;\" class=\"wp-block-group alignfull is-layout-constrained wp-block-group-is-layout-constrained has-background\">\n<div class=\"wp-block-group is-nowrap is-layout-flex wp-container-core-group-is-layout-6c531013 wp-block-group-is-layout-flex\">\n<h2 class=\"wp-block-heading has-ast-global-color-5-color has-text-color has-link-color wp-elements-60ebe79ba506f3fb5a4da98256be0fde\">Lernen wir uns kennen<\/h2>\n\n\n\n<ul class=\"wp-block-list\">\n<li class=\"has-ast-global-color-5-color has-text-color has-link-color wp-elements-a038158fbdcde1b88f9eabcfce80e88c\">Kontakt aufnehmen<\/li>\n\n\n\n<li class=\"has-ast-global-color-5-color has-text-color has-link-color wp-elements-e04f4ba227a5aa4af20d71792808b696\">Pers\u00f6nliches Kennenlernen vor Ort<\/li>\n\n\n\n<li class=\"has-ast-global-color-5-color has-text-color has-link-color wp-elements-b5ffc85c5557380eef8eb723595a5c3d\">Angebot innerhalb von 24 Stunden erhalten<\/li>\n<\/ul>\n\n\n\n<div style=\"height:100px;width:0px\" aria-hidden=\"true\" class=\"wp-block-spacer wp-container-content-6388d5dc\"><\/div>\n\n\n\n<div class=\"wp-block-buttons is-layout-flex wp-block-buttons-is-layout-flex\">\n<div class=\"wp-block-button hupf-button\"><a class=\"wp-block-button__link wp-element-button\" href=\"#kontaktfeld\">Kontakt aufnehmen<\/a><\/div>\n<\/div>\n<\/div>\n<\/div>\n\n\n\n<p><\/p>\n","protected":false},"excerpt":{"rendered":"<p>Unsere Leistungen Welche Services bietet Makler. Macher. Verwalter. Wohneigentumsverwaltung (GdWE) Wir \u00fcbernehmen die umfassende Verwaltung von Wohnungseigent\u00fcmergemeinschaften und k\u00fcmmern uns [&hellip;]<\/p>\n","protected":false},"author":1,"featured_media":0,"parent":0,"menu_order":0,"comment_status":"closed","ping_status":"closed","template":"","meta":{"site-sidebar-layout":"default","site-content-layout":"","ast-site-content-layout":"default","site-content-style":"default","site-sidebar-style":"default","ast-global-header-display":"","ast-banner-title-visibility":"","ast-main-header-display":"","ast-hfb-above-header-display":"","ast-hfb-below-header-display":"","ast-hfb-mobile-header-display":"","site-post-title":"disabled","ast-breadcrumbs-content":"","ast-featured-img":"","footer-sml-layout":"","ast-disable-related-posts":"","theme-transparent-header-meta":"","adv-header-id-meta":"","stick-header-meta":"","header-above-stick-meta":"","header-main-stick-meta":"","header-below-stick-meta":"","astra-migrate-meta-layouts":"default","ast-page-background-enabled":"default","ast-page-background-meta":{"desktop":{"background-color":"var(--ast-global-color-5)","background-image":"","background-repeat":"repeat","background-position":"center center","background-size":"auto","background-attachment":"scroll","background-type":"","background-media":"","overlay-type":"","overlay-color":"","overlay-opacity":"","overlay-gradient":""},"tablet":{"background-color":"","background-image":"","background-repeat":"repeat","background-position":"center center","background-size":"auto","background-attachment":"scroll","background-type":"","background-media":"","overlay-type":"","overlay-color":"","overlay-opacity":"","overlay-gradient":""},"mobile":{"background-color":"","background-image":"","background-repeat":"repeat","background-position":"center center","background-size":"auto","background-attachment":"scroll","background-type":"","background-media":"","overlay-type":"","overlay-color":"","overlay-opacity":"","overlay-gradient":""}},"ast-content-background-meta":{"desktop":{"background-color":"var(--ast-global-color-4)","background-image":"","background-repeat":"repeat","background-position":"center center","background-size":"auto","background-attachment":"scroll","background-type":"","background-media":"","overlay-type":"","overlay-color":"","overlay-opacity":"","overlay-gradient":""},"tablet":{"background-color":"var(--ast-global-color-4)","background-image":"","background-repeat":"repeat","background-position":"center center","background-size":"auto","background-attachment":"scroll","background-type":"","background-media":"","overlay-type":"","overlay-color":"","overlay-opacity":"","overlay-gradient":""},"mobile":{"background-color":"var(--ast-global-color-4)","background-image":"","background-repeat":"repeat","background-position":"center center","background-size":"auto","background-attachment":"scroll","background-type":"","background-media":"","overlay-type":"","overlay-color":"","overlay-opacity":"","overlay-gradient":""}},"footnotes":""},"class_list":["post-71","page","type-page","status-publish","hentry"],"_links":{"self":[{"href":"https:\/\/makler-macher-verwalter.de\/index.php\/wp-json\/wp\/v2\/pages\/71","targetHints":{"allow":["GET"]}}],"collection":[{"href":"https:\/\/makler-macher-verwalter.de\/index.php\/wp-json\/wp\/v2\/pages"}],"about":[{"href":"https:\/\/makler-macher-verwalter.de\/index.php\/wp-json\/wp\/v2\/types\/page"}],"author":[{"embeddable":true,"href":"https:\/\/makler-macher-verwalter.de\/index.php\/wp-json\/wp\/v2\/users\/1"}],"replies":[{"embeddable":true,"href":"https:\/\/makler-macher-verwalter.de\/index.php\/wp-json\/wp\/v2\/comments?post=71"}],"version-history":[{"count":82,"href":"https:\/\/makler-macher-verwalter.de\/index.php\/wp-json\/wp\/v2\/pages\/71\/revisions"}],"predecessor-version":[{"id":785,"href":"https:\/\/makler-macher-verwalter.de\/index.php\/wp-json\/wp\/v2\/pages\/71\/revisions\/785"}],"wp:attachment":[{"href":"https:\/\/makler-macher-verwalter.de\/index.php\/wp-json\/wp\/v2\/media?parent=71"}],"curies":[{"name":"wp","href":"https:\/\/api.w.org\/{rel}","templated":true}]}}